a - -3?
-1a597
In base 15, what is 23e4 + 95?
2489
In base 15, what is 13cb + -15?
13b6
In base 3, what is -120101100100122 - 0?
-120101100100122
In base 11, what is 7 - -39349?
39355
In base 12, what is -16548 + 0?
-16548
In base 6, what is -1 - -5041502?
5041501
In base 3, what is -201 - -12211?
12010
In base 14, what is 36 - -93?
c9
In base 10, what is -111853 - 5?
-111858
In base 15, what is -512d - -17?
-5116
In base 11, what is 4707 - -52?
4759
In base 3, what is -101122010 + -10?
-101122020
In base 9, what is -2 - 726375?
-726377
In base 8, what is 55 + -422?
-345
In base 14, what is 30906 - -2?
30908
In base 6, what is 3152 - -403?
3555
In base 14, what is 10 + c61?
c71
In base 9, what is 23003 - 88?
22804
In base 13, what is -22b - -5?
-226
In base 15, what is 21 + -335d?
-333c
In base 15, what is c - 46?
-39
In base 8, what is 0 - 6273442?
-6273442
In base 12, what is 3 - -2414?
2417
In base 5, what is 404030 - -1?
404031
In base 10, what is -2194730 - 4?
-2194734
In base 4, what is 10133 + -12233111?
-12222312
In base 11, what is 925 + 36?
960
In base 11, what is 6 - -56564?
5656a
In base 16, what is -2 - 1a55?
-1a57
In base 4, what is 11 + -1310020120?
-1310020103
In base 9, what is -7608400 - 0?
-7608400
In base 3, what is -20112110 + -200?
-20120010
In base 7, what is 354 + -214?
140
In base 15, what is -1 + -4ed9e?
-4eda0
In base 13, what is 4 - 6994?
-6990
In base 16, what is a + -45c?
-452
In base 10, what is 553 - -17?
570
In base 9, what is 14 - -3181?
3205
In base 6, what is 1 - -50155?
50200
In base 13, what is 41c + 9b?
4ba
In base 5, what is 10014011024 + 1?
10014011030
In base 5, what is 442 + -1040?
-43
In base 4, what is -12330032 + 1?
-12330031
In base 8, what is 3 - 112035?
-112032
In base 8, what is 173363 + -17?
173344
In base 3, what is -1 + 1212021012001?
1212021012000
In base 9, what is -18 - 73?
-102
In base 12, what is -5b97 + -4?
-5b9b
In base 10, what is -5075 + -190?
-5265
In base 7, what is -4 - 1504021?
-1504025
In base 16, what is -5b7 + -18?
-5cf
In base 8, what is 1163 - 51?
1112
In base 13, what is -1aa6 + -12c?
-1c05
In base 11, what is -10757 - -3?
-10754
In base 13, what is -1218 + -b?
-1226
In base 9, what is 3 - 21414?
-21411
In base 11, what is -391 + 144?
-248
In base 2, what is 100 - 1010000110100010111?
-1010000110100010011
In base 14, what is 2855 - -3?
2858
In base 9, what is -1357 - -4?
-1353
In base 13, what is 5 - 29c07?
-29c02
In base 9, what is -5 + 2002817?
2002812
In base 14, what is b - 26d02?
-26cd5
In base 16, what is a7a9 - 5?
a7a4
In base 14, what is 3d - 43?
-4
In base 12, what is -659 - 751?
-11aa
In base 13, what is 16b7 - 1b?
1699
In base 14, what is 6d62 + -5?
6d5b
In base 15, what is -365 - 120?
-485
In base 15, what is 92e + -5c?
8c2
In base 16, what is -9 + -671?
-67a
In base 8, what is 2 + 753363?
753365
In base 10, what is -8 + 503358?
503350
In base 13, what is 7 - -cc7?
1001
In base 7, what is -20 - -6000?
5650
In base 16, what is -29f + 2e?
-271
In base 9, what is 42 - 225?
-173
In base 16, what is 39e42 + 28?
39e6a
In base 9, what is 1117 - 452?
555
In base 7, what is -1121133 - 2?
-1121135
In base 11, what is -50931 + -3?
-50934
In base 14, what is 2594 - -7?
259b
In base 10, what is 54 - -1923?
1977
In base 3, what is 2212021212200 + 0?
2212021212200
In base 3, what is 2111101211 + -2?
2111101202
In base 9, what is 452007 + -2?
452005
In base 14, what is -12a30 + -5?
-12a35
In base 4, what is 1300303 + 0?
1300303
In base 8, what is 6635 - -352?
7207
In base 8, what is 40327 + -6?
40321
In base 13, what is 194 + 155?
319
In base 7, what is 5066 - 3?
5063
In base 14, what is 49c682 + -3?
49c67d
In base 10, what is -1955 + 81?
-1874
In base 9, what is -177 + -141?
-328
In base 11, what is aa11 - 14?
a9a8
In base 8, what is -20562 + 33?
-20527
In base 10, what is 61 - 2448?
-2387
In base 14, what is -b07d - -2?
-b07b
In base 3, what is 2020011 - -1212?
2022000
In base 2, what is 10 + 10110001011110?
10110001100000
In base 6, what is -10552 + 5?
-10543
In base 15, what is -d + -13900?
-1390d
In base 3, what is 101011 + -22022?
1212
In base 11, what is 1964 - 38?
1927
In base 16, what is 20d7 + -14?
20c3
In base 8, what is -3 + -2542564?
-2542567
In base 2, what is 11 + 11011101000100?
11011101000111
In base 4, what is -12021 - -30212?
12131
In base 2, what is 1000011101 + 111100000?
1111111101
In base 8, what is -6 - -330335?
330327
In base 16, what is b + 586?
591
In base 4, what is 101 + -13330103?
-13330002
In base 9, what is 12 + -16368?
-16356
In base 5, what is -20314 - 41431?
-112300
In base 3, what is 121 + -11010011?
-11002120
In base 5, what is 113 - 100310?
-100142
In base 12, what is -9760 + -103?
-9863
In base 16, what is e26 - 13?
e13
In base 9, what is 17 - -8337?
8355
In base 15, what is 13e5 - a?
13da
In base 8, what is -2 - -115036?
115034
In base 13, what is -3b2b - 4?
-3b32
In base 4, what is -11302023 - -1?
-11302022
In base 3, what is 2 + -2112020210?
-2112020201
In base 6, what is 41404354 + 1?
41404355
In base 3, what is 102210201121 + -2?
102210201112
In base 8, what is 3224 + 4565?
10011
In base 14, what is 6ab - d?
69c
In base 16, what is d5b5 + -4?
d5b1
In base 2, what is -1111 + -10000000?
-10001111
In base 4, what is 121 + 231130?
231311
In base 16, what is -525c0 + 2?
-525be
In base 13, what is 15934 + 1?
15935
In base 3, what is -1221010 + 1200?
-1212110
In base 9, what is -483 - -4168?
3575
In base 13, what is 7 - 14a86?
-14a7c
In base 12, what is -573 - 6a?
-621
In base 10, what is -125532 + 2?
-125530
In base 6, what is 35 + 352252?
352331
In base 5, what is -2341323 + -4?
-2341332
In base 13, what is -a - -1b15?
1b08
In base 2, what is -1000100101000111 - 1001?
-1000100101010000
In base 6, what is -511 - 54?
-1005
In base 14, what is -374 + 651?
2bb
In base 12, what is 3 + 81446?
81449
In base 4, what is 101 + 100232?
100333
In base 11, what is -1 - -8053?
8052
In base 7, what is 162 + 1531?
2023
In base 12, what is 1 + 21062?
21063
In base 5, what is 1 + 34300232?
34300233
In base 16, what is -7944 - 12?
-7956
In base 12, what is 40 - -95a9?
9629
In base 2, what is -100011 + -1011001100?
-1011101111
In base 16, what is -352 + a6?
-2ac
In base 9, what is 2810 - -55?
2865
In base 15, what is -33 - 515?
-548
In base 8, what is 2165464 + 5?
2165471
In base 11, what is -31 + a4?
73
In base 11, what is 591a - 4a8?
5422
In base 5, what is -341 - -304?
-32
In base 12, what is -1ba3 + -9?
-1bb0
In base 4, what is 3010 - -10303?
13313
In base 15, what is 2c469 + -c?
2c45c
In base 16, what is 3e - 1827e?
-18240
In base 2, what is -111110000010111 - -100000?
-111101111110111
In base 7, what is -4134621 - -2?
-4134616
In base 6, what is -100232521 - 0?
-100232521
In base 10, what is 381 + -8829?
-8448
In base 11, what is -859 + 57?
-802
In base 4, what is 21 + -2021003033?
-2021003012
In base 16, what is 1fc8c + -a?
1fc82
In base 12, what is 1127 - -37?
1162
In base 5, what is -141 - -44121?
43430
In base 6, what is -42 + 2343?
2301
In base 8, what is 4 - -5545?
5551
In base 5, what is 400312404 - -2?
400312411
In base 9, what is -87347 + 55?
-87282
In base 7, what is -114522 - -215?
-114304
In base 8, what is -1 + -361412?
-361413
In base 16, what is 4 - ef909?
-ef905
In base 13, what is 4 + 4209?
4210
In base 8, what is -1152774 + 1?
-1152773
In base 14, what is -178979 - 3?
-17897c
In base 12, what is -1 + 15a6b?
15a6a
In base 5, what is 44102242 - 4?
44102233
In base 4, what is -2 - -2312101?
2312033
In base 12, what is -8 - -28b1?
28a5
In base 5, what is 443 + 402444?
403442
In base 15, what is -9364d + 0?
-9364d
In base 9, what is 1 + 17070?
17071
In base 10, what is -185766 + -15?
-185781
In base 15, what is -96907 - -4?
-96903
In base 15, what is -112e9 - -8?
-112e1
In base 9, what is -1264 + 6?
-1257
In base 15, what is 107d1 + 1?
107d2
In base 3, what is -11021000 + 1220?
-11012010
In base 2, what is 1100110010011 - 100100010?
1100001110001
In base 14, what is 3c + 4d?
8b
In base 11, what is 13084 - 22?
13062
In base 5, what is -3 - -14213040?
14213032
In base 4, what is 1 + -203300003?
-203300002
In base 10, what is 47 - 24255?
-24208
In base 13, what is -329 + 23b1?
2085
In base 16, what is -e4cd + -1d?
-e4ea
In base 15, what 